. Let p = c + 45. Suppose k + 4*k - 1490 = 2*a, -k + 325 = p*a. List the prime factors of k.
2, 3, 5
Suppose 0 = 823*p - 838*p + 28425. List the prime factors of p.
5, 379
Let v(c) = -c**3 + 97*c**2 + 66*c - 255. List the prime factors of v(97).
3, 683
Suppose 0 = 6*d - 33251 - 20629. Suppose -d = -15*n - 5*n. List the prime factors of n.
449
Let p = 17973 + -27573. What are the prime factors of (-6)/(-4)*p/(-45)?
2, 5
Let y be 83352/88 - 1/(44/8). Suppose t = -5, -y = -4*u - 4*t + 569. What are the prime factors of u?
2, 3
Let d(w) = -w**3 + 11*w**2 + 17*w + 7. Let c be d(13). Let n = c - -112. What are the prime factors of 1 + -4 + (0 - (-4 - n))?
3
Let d(q) = -2*q**3 - q - 64. Let a be d(0). List the prime factors of 4*-26*552/a.
3, 13, 23
Let m be (5/(-20) - -2)/(1/4). Suppose 7*k - 14 - m = 0. Suppose 237 = 5*q - 6*z + 3*z, -3*z = k*q - 123. What are the prime factors of q?
3, 5
Let s(u) = 9*u**2 - 708*u - 155. What are the prime factors of s(91)?
2, 4973
Let y(l) = -767*l - 88. List the prime factors of y(-10).
2, 17, 223
Suppose 0*u - 8*u = -2344. Let x = 203 - u. What are the prime factors of (-580)/(-6) + (-6)/x*5?
97
Suppose 89*b + 720 = 98*b. Suppose 3*h + a - 1137 = 0, 4*h - 1436 = -2*a + b. List the prime factors of h.
379
Suppose -q = 3*q + 40. List the prime factors of (-136)/6*(q - -6 - 2).
2, 17
Suppose -25*o = -20*o - 25. Suppose v + 555 = -4*u, -v + 697 = -o*u + v. Let f = u - -198. List the prime factors of f.
59
Let s(g) = 4*g**3 - 76*g**2 + 93*g - 61. What are the prime factors of s(27)?
2, 12889
Let k(d) = d**3 - 9*d**2 - 29*d + 33. Let t be k(13). Let p = -119 + t. What are the prime factors of p?
3, 71
Let b(d) = -15106*d + 4508. What are the prime factors of b(-4)?
2, 3, 7, 773
Suppose -19*q + 14581 + 147440 = -580537. What are the prime factors of q?
2, 19541
Let i = 990 + -22. What are the prime factors of i?
2, 11
Let u be 2*13 + (-4 - 3). What are the prime factors of (u - 1)*(0 + 776/16)?
3, 97
Let v = -25 - -28. Suppose 3*p + l - v = -0*p, 15 = 5*l. Suppose -4*a + 4*f + 388 = 0, p = 7*f - 2*f - 5. List the prime factors of a.
2, 7
Suppose -2*x - 350 = -4*k, 436 = 6*k - k - 4*x. Suppose 0 = -8*t + 10*t - k. Let s = -4 + t. List the prime factors of s.
2, 5
Let a = 53 - 50. Suppose 3*m = w + 23, -3*m + 4*m = -a*w + 1. Let g = 202 - m. What are the prime factors of g?
3, 5, 13
Let o = -421 - -414. List the prime factors of (o + 8)*(4 + 272).
2, 3, 23
Suppose 23*b + 11*b = 146536 + 723320. List the prime factors of b.
2, 3, 13, 41
Suppose -5*j = -3811 - 1824. Suppose -2*a = -47*y + 46*y - 6, 32 = 4*a + 3*y. Suppose 0 = 3*b - a*q - 50 - 615, 5*b + q = j. What are the prime factors of b?
3, 5
Suppose 3*b = -b + 20. Suppose -x + 2*x - 194 = -5*v, 3*x = -b*v + 562. List the prime factors of x.
2, 23
Let b(w) = w**2 - 11*w - 8. Let v be b(13). Let y(z) = 36*z + 106. What are the prime factors of y(v)?
2, 13, 29
Suppose 22*k + 34 = 210. Suppose -w - 7469 = -k*w. What are the prime factors of w?
11, 97
Suppose 5*n + 3*y - 23 = 2*y, -n = -5*y - 15. Let r = n - 49. Let w = 67 - r. List the prime factors of w.
3, 37
Suppose 0 = w - 6, -3*c - w + 97923 = -27864. List the prime factors of c.
41927
Let z(o) = 4*o**3 + o**2 + o - 1. Suppose 0 = 3*d - 1 - 2. Let x be z(d). Suppose 0 = 2*g + 3*g + 15, -4*k - x*g + 177 = 0. What are the prime factors of k?
2, 3
Let c(b) = -110*b**2 - 8*b - 2. Let h(r) = -r. Let v(l) = -c(l) + 3*h(l). List the prime factors of v(-2).
2, 3
Let p(g) = 2*g**3 + 13*g**2 + 9*g + 19. Let j(u) = -5*u**3 - 38*u**2 - 26*u - 57. Let v(o) = 3*j(o) + 8*p(o). What are the prime factors of v(12)?
197
Suppose 1341270 = 459*g - 396*g. What are the prime factors of g?
2, 5, 2129
Let r = -61 - -62. Let n be (0 - -1)*2 + 6/r. Let t = 121 - n. What are the prime factors of t?
113
Let h = -22269 - -41494. List the prime factors of h.
5, 769
Let n(q) = 20*q**2 - 4*q**3 - 23*q**2 + 2*q**3 + 32. List the prime factors of n(-5).
3, 23
Suppose -27*z + 182346 = 609. What are the prime factors of z?
53, 127
Suppose 3*j - 2*f = 7462, -2*j + 4956 = 68*f - 67*f. List the prime factors of j.
2, 17, 73
Let g(s) = 9*s**2 + 57*s - 23. What are the prime factors of g(-33)?
53, 149
Let b(l) = -4*l**3 - 113*l**2 + 37*l + 228. What are the prime factors of b(-34)?
2, 13, 983
Suppose 35 = -4*r + 19. Let i be (-6)/r*(-1 - 1) + 127. Suppose c = 2*c, 2*z - i = -3*c. What are the prime factors of z?
2, 31
Suppose -2*i + 2*f - 2 = 0, 0 = -i - 3*f + f + 14. Suppose i*m - 8*m = -764. List the prime factors of m.
191
Suppose p + 69 = 4*r - 1, r - 11 = -3*p. Suppose -12*x = -r*x + 35. Let q(s) = 6*s - 31. What are the prime factors of q(x)?
11
Let o be 284/6 - (-1)/(-3). Let r be 127/381 - 232/(-6). Let d = o - r. What are the prime factors of d?
2
Let n = 43 - 7. Suppose -11*l = -2*l - n. Suppose -5*t + 346 = -3*y, -t + 3*t - 130 = l*y. What are the prime factors of t?
71
Let z = -39982 - -92863. List the prime factors of z.
3, 17627
What are the prime factors of (1 + 14/(-6))*(-14769 + -12 + 15)?
2, 23, 107
Let j = -45 - -48. Let z be -1 - (1 - j - 10). Let q = 24 - z. What are the prime factors of q?
13
Let x = 133998 - 69405. List the prime factors of x.
3, 7177
What are the prime factors of (-6 + (-2)/(24/(-114)))/(7/8778)?
3, 7, 11, 19
Let g = 56 - 54. Suppose 0 = g*c - 5*f - 220, 5*c - f - 319 = 277. List the prime factors of c.
2, 3, 5
What are the prime factors of (-9 - -48)*((-734)/(-3) + 0)?
2, 13, 367
Suppose 20*s - 14*s - 205536 = -10*s. List the prime factors of s.
2, 3, 2141
Let l = -66067 + 104450. What are the prime factors of l?
131, 293
Suppose 3*j + 3*u - 4*u = -1574, j + u + 526 = 0. Let m = -470 - j. What are the prime factors of m?
5, 11
Let p(w) = 23*w**2 - 3*w - 2. Let i be p(-2). Let g = i - 35. Let k = g - -5. What are the prime factors of k?
2, 3, 11
Let n(g) = -9*g + 6. Let o be (-5)/((-50)/8) - (-72)/(-40). Let x be -24 + 3 + o - -1. List the prime factors of n(x).
3, 5, 13
Let b(n) = 2*n**2 - 5*n - 10. Let a be b(5). Let t(h) = h**2 - 15*h + 5. Let l be t(a). What are the prime factors of (-1)/l + (-2144)/(-60)*3?
107
Let p(h) = 4979*h**2 - 95*h - 96. What are the prime factors of p(-1)?
2, 19, 131
Let q be (-2 - (-1 + 2)) + 30 + -24. Suppose 3*h + 961 = 4*u, -244 = -u - h + q*h. List the prime factors of u.
2, 7, 17
Suppose -9 = -10*q + 21. Let v = 12 - q. Let c = v - -12. List the prime factors of c.
3, 7
Suppose -2*j = -8*j - 2*j. Let q = 6 + -3. Suppose q*c + 5*f - 82 = 0, 5*c + 4*f + f - 120 = j. What are the prime factors of c?
19
Let a(g) = -g**3 + 3*g**2 + 4*g. Let n be a(4). Suppose -2*s = -n*s - 6. Suppose -3*l + 3*i = -246, 4*l - 407 = s*i - 78. List the prime factors of l.
83
Suppose 0 = -41*m + 2744706 - 835959 + 889708. List the prime factors of m.
5, 11, 17, 73
Suppose -48*y + 10294 + 20426 = 0. Suppose 4*z - y = -p, 3*p + 9*z = 8*z + 1887. What are the prime factors of p?
2, 157
List the prime factors of (-75159486)/(-7191) + 2/17.
2, 3, 13, 67
Let f = -463 + 6479. List the prime factors of f.
2, 47
Let g = 74752 + -32598. List the prime factors of g.
2, 7, 3011
Suppose -16072 = -p - 13*p. Suppose -2*h - 2*h - p = -4*f, -3*h + 1459 = 5*f. What are the prime factors of f?
2, 5, 29
Let b = 4301 + 33681. List the prime factors of b.
2, 7, 2713
Let b(x) = 1257*x - 63. Let a be b(3). Suppose 70*t - 82*t + a = 0. List the prime factors of t.
3, 103
Let y(c) = -8*c**3 - 13*c**2 + 19*c + 128. What are the prime factors of y(-5)?
2, 3, 59
Let u(q) = -8*q**2 + 8*q - 12. Let b(c) = -c**2. Let g(t) = -b(t) + u(t). Let n be g(5). Let l = -87 - n. List the prime factors of l.
2, 3, 5
Let g(c) be the first derivative of 7*c + 2 - 5/3*c**3 + 1/4*c**4 - 11*c**2. What are the prime factors of g(9)?
7, 19
Let u = 113 - 110. Suppose u*m - 2*q = -6*q + 2755, 2*q = 2. What are the prime factors of m?
7, 131
Suppose -2*w + 3502 = -3*i, 0 = -4*w - i + 7061 - 99. List the prime factors of w.
2, 13, 67
What are the prime factors of 12*((-60998)/(-21) + -20)?
2, 4327
Let r = 11877 + 632. What are the prime factors of r?
7, 1787
Suppose 0*j + 5*j + 3*s - 101 = 0, -j = -2*s - 28. Let w = -19 + j. Suppose -w*i + 3*l + 347 = -13, -l - 352 = -3*i. List the prime factors of i.
2, 29
Let o = 1008 + 2471. What are the prime factors